t is the units digit of b?
4
What is the units digit of 2/(4/16 + 0)?
8
Let r = -19 + 58. What is the units digit of r?
9
Let k = 15 + -10. What is the units digit of k?
5
Let i(v) = v - 10. Let k be i(6). Let j = k - -6. What is the units digit of j?
2
Let x be 0/(-1) + (6 - 1). Let w = -14 + 22. Let f = w - x. What is the units digit of f?
3
Let j(n) = n**2 + 10*n + 7. Let c be j(-9). Let b = c - -5. Suppose -4 - 14 = -b*z. What is the units digit of z?
6
Let r = 43 - 13. What is the tens digit of r?
3
What is the tens digit of (-1)/2 - 620/(-8)?
7
Suppose 4*x + 3*u - 36 = 2*u, 0 = 5*x - 2*u - 32. Let f(t) = 2*t - 4. What is the units digit of f(x)?
2
Let g(w) = 4*w**2 - w - 1. Let t be g(-1). Suppose -t*m + 16 = -3*h, 0 = -5*m - 5*h + 4*h + 20. What is the units digit of m?
4
Let x(a) = -a**2 + 9*a - 10. Let i be x(7). Let y = 17 + 7. Suppose -y = -i*p + p. What is the units digit of p?
8
Let w(i) = 0 + 3 - 3 + 1 - i. Let x = -9 + 3. What is the units digit of w(x)?
7
Suppose n = 6 - 5. Let s = 22 - n. What is the units digit of s?
1
Let v(z) = z**3 + 2*z**2 - 8*z + 4. What is the tens digit of v(3)?
2
Let d = 175 - 125. What is the tens digit of d?
5
What is the tens digit of (-435)/(-9 + 4) - -3?
9
Suppose -3*p + p = -5*l - 2, l = 2. Suppose 0 = -3*t + 4*m + 97, m + 185 = 5*t + p*m. Let q = t + -19. What is the tens digit of q?
1
Let a be 0 + (0 - -3) - 0. What is the units digit of 16 - ((-1)/(-1) - a)?
8
Let p(v) = -v + 14 - 2*v**2 - v**2 - v**3 - 9*v**2 + 0*v. What is the units digit of p(-12)?
6
Suppose d - 858 = -12*d. What is the units digit of d?
6
Let t(f) = 94*f**3 - 2*f**2 + 1. What is the units digit of t(1)?
3
Let w(p) = -p**2 - 11*p + 7. Let f be w(-8). Suppose 2*s - 36 = k, f = 2*s - 2*k - 9. Let r = -9 + s. What is the units digit of r?
7
Let w = 10 - 6. Suppose -w*b = 5 - 13. Suppose -b + 38 = 3*z. What is the tens digit of z?
1
Let s be (6/(-8))/((-2)/(-8)). Let o(k) = -k**2 - 4*k - 4. Let f be o(s). What is the units digit of 29/5 - f/5?
6
Let z(h) = -h**2 + 12*h - 4. Let k(d) = -7*d**3 - d. Let t be k(-1). Let g be z(t). Suppose -2*u + g = 2*u. What is the units digit of u?
7
Let j = 0 + 2. Suppose -j*n - 3*x = -25, 3*x = -3*n + 6*x + 15. What is the units digit of n?
8
Let i(c) = -c**2 - 4*c. Let u be i(-3). Suppose -12 = -0*h - u*h. Suppose -h*y + 6 + 2 = 0. What is the units digit of y?
2
Let h be 0 + 0 + (-4)/(-2). Let r = -7 + 0. What is the units digit of (r/(h/(-2)))/1?
7
Suppose 0 = 3*q - 4*q + 2. Suppose 0 = -q*x + 2 + 2. What is the units digit of x?
2
Suppose 0 = c - 4*d + 18, -4*c + 7*c = d - 21. Let f = c - -8. Suppose -2*s - 3*s + 27 = 2*r, 0 = 4*r - f*s + 6. What is the units digit of r?
1
Let x be (-6)/((-6 - 0)/3). Suppose 3*f - 29 = -p, -x*f - 18 = -4*f - 2*p. What is the units digit of f?
8
Let q(p) be the first derivative of p**2 - 9*p - 2. What is the units digit of q(6)?
3
Let v be -5*(-1 - (2 - 2)). Suppose 2*m + v*q - 3 = 0, -4*m = 4*q + q - 31. What is the units digit of m?
4
Suppose -v + 2 = 0, -5*w + 8 = -3*w - 3*v. Suppose -2*y - 5*n + 0*n = 0, 33 = 5*y - 4*n. Let l = w - y. What is the units digit of l?
2
Let p = 14 + -10. Let c(x) = -x**2 + 7*x - 5. What is the units digit of c(p)?
7
Let v(z) be the second derivative of z**3/2 - 9*z**2 - 4*z. What is the units digit of v(13)?
1
What is the units digit of (-30)/6*(-234)/15?
8
Let m(l) = 17*l + 2. Let v be m(-3). What is the tens digit of (-6)/(-9) - v/3?
1
Let n(v) be the first derivative of v**2/2 + 9*v + 2. Let q be n(-7). Suppose 3*x - 60 = -5*r, -q*r + 24 = -5*x + x. What is the tens digit of r?
1
Suppose w - 2*n - 10 = 7, 4 = 4*n. What is the units digit of w?
9
Let l be 8/(3/((-6)/(-4))). Suppose -3*z + 2*z + l*n = -5, -5*z - 4*n + 25 = 0. What is the units digit of z?
5
Suppose 3*y + 20 = 92. Let p be (-16)/(-6)*9/6. Suppose 8 = p*t - y. What is the units digit of t?
8
Let c(t) = t**2 - 2*t - 1. Let n = -5 + 4. What is the units digit of c(n)?
2
Suppose 5*l + t + 1 = 12, -3*t = -2*l + 1. What is the units digit of l?
2
Suppose -2*c - 36 = 2*l, 4*l + 82 = c - 0*c. Let d = -7 - l. Suppose 5*j - 2 = 13, j = -5*n + d. What is the units digit of n?
2
Let u = 10 + 91. What is the units digit of u?
1
Let v be 21/2 - (-3)/6. Let n = v + -7. Suppose p - n = -0*p. What is the units digit of p?
4
Let p(y) = 19*y + 2. What is the units digit of p(1)?
1
Let r = 13 - -6. What is the tens digit of r?
1
What is the tens digit of (-3792)/(-30) + -4 + (-3)/(-5)?
2
Let m(j) = 2*j**3 - 10*j**2 + j - 21. What is the hundreds digit of m(7)?
1
Let n = 34 - 12. Suppose -n = -3*q + 2*j, -q = 3*q + 5*j + 9. Suppose -q*m - 4*o = -24, -2*o = -4*m - 0 + 12. What is the units digit of m?
4
What is the units digit of (-5)/10 - 57/(-2)?
8
Suppose 2*w - 4*r = 3*w, 2*r = 3*w. Suppose 6*c - c - 25 = w. What is the units digit of c?
5
Suppose 12 = 3*z - 18. Let v = z - 6. Let w = 8 - v. What is the units digit of w?
4
Let f = -23 + 8. What is the units digit of (-69)/f + (-2)/(-5)?
5
Let y = -217 + 314. What is the units digit of y?
7
Suppose 22 = 4*c - 66. Suppose -2*l - c = -3*v, v + 0*l - 13 = -5*l. Suppose -v = 2*w - 3*w. What is the units digit of w?
8
Let g(i) = 2*i**2 + i - 5. Let q be g(-3). What is the units digit of (-4)/(-10) + 146/q?
5
Let w be ((-80)/(-6))/2*3. Let q = -13 + w. What is the units digit of q?
7
Let z be (-8)/10*(5 - 0). What is the units digit of (14/3)/(z/(-6))?
7
Suppose -2*i = 18 - 32. Suppose -4*h + 9 = -p, -5*h - p - 2*p + 7 = 0. What is the units digit of (i*-3)/(h/(-2))?
1
Suppose 0 = 4*h - 15 - 5. Let u(q) = 28*q**2 + q + 2. Let f be u(-1). Suppose h*m = 21 + f. What is the units digit of m?
0
Let v(s) = -s + 2*s + 3 - 2*s. Let l be v(7). What is the units digit of 0/1 - l*2?
8
Suppose 30 = 5*h - 0. What is the units digit of (-3)/h - 22/(-4)?
5
Suppose 0 = -4*l - 16, -4*l + 175 = 2*k + 61. What is the units digit of k?
5
Suppose -3*g = 7*g - 3140. What is the tens digit of g?
1
Suppose f = -2*k + 6 + 7, 2*k - 28 = -4*f. Suppose -3*i + 63 = -3*x, -x + 16 = -f*x. What is the tens digit of i?
1
Suppose 5*z - 5*r = 975, -2*r = -r + 3. What is the units digit of z?
2
Let m(c) = 5*c**3 + 16*c**2 + 14*c + 6. Let l(k) = k**3 + k**2 + k. Let s(b) = 6*l(b) - m(b). What is the tens digit of s(11)?
2
Let u(q) = -q + 18. Let k be u(0). Suppose j + k = y - 0*j, -5*y = -2*j - 96. What is the units digit of y?
0
Let q(l) = -l**3 - 4*l**2 - 7*l - 3. Let y be q(-5). Suppose -2*r = 4*k - 21 - y, 46 = 3*k + 4*r. What is the units digit of k?
2
What is the hundreds digit of (4/5)/(-4 - 2163/(-540))?
1
Let l = 46 + -11. What is the units digit of l?
5
Suppose n - 2*c - 3*c - 16 = 0, -3*c = -n + 10. What is the units digit of n?
1
Let k(q) = q**3 - 8*q**2 - 3*q. Let v be k(8). Let g = v - -15. What is the units digit of ((-14)/(-6))/((-3)/g)?
7
What is the units digit of (((-68)/(-4))/1)/((-3)/(-9))?
1
What is the tens digit of 3 + 11/(-3) + 330/9?
3
Suppose 3*i - 3 - 6 = 0. Suppose 0 = -i*s - 9, 0*o + 3*o = 4*s + 21. Suppose -2*j + 30 = 2*q, -22 = -3*q + 2*j + o. What is the units digit of q?
1
Suppose 3*p + 2642 = 77. What is the tens digit of 4/(-10) - p/75?
1
Let s(k) = -7*k**3 - 1. Let t be s(-1). Suppose -3*y - 12 = -t*y. Suppose y*p = -0*p + 12. What is the units digit of p?
3
Let p be -10*(-2)/8*2. Let y = p + -7. What is the units digit of (0 - 16)*y/4?
8
Let a = -9 - -15. Let c(m) = 5*m**2 + 26*m + 13. Let z(k) = 3*k**2 + 17*k + 9. Let l(i) = -5*c(i) + 8*z(i). What is the units digit of l(a)?
7
Let z = -7 + 4. Let q(a) = a**2 + 1. What is the tens digit of q(z)?
1
Let x(t) = 2*t**2 - 5*t - 4. Let d be x(5). Let k(m) = m - 7. Let g be k(10). Suppose d = g*o - 0*o. What is the units digit of o?
7
Let b(v) = -2*v - 2. Let t be b(-7). Let a = 1 + t. Suppose -o = -2*o + a. What is the units digit of o?
3
Let j(m) = -m**3 - m**2 + 54. Let a be j(0). Suppose i - a = -5*y, y = 6*i - 2*i - 6. What is the units digit of y?
0
Let i = -29 + 18. Let b = i - -7. What is the units digit of 2/((-5)/b + -1)?
8
Suppose -6 = i - 4*y, 2 = 2*i + y - 2*y. Suppose i*a = -0 + 2. Let v = 2 - a. What is the units digit of v?
1
Let c be (12/(-15))/(1/5). What is the units digit of ((-4)/(-8))/((-1)/c)?
2
Suppose -4*s - 5*c = -4 - 16, -s + 4 = c. Suppose s = f - 4*f + 